and z?
32
Suppose -17731 = 119*j - 144585. Calculate the highest common factor of j and 52.
26
Let b be (299 - 143) + 6/(1*-2). Let a(x) = x**2 - 4*x - 4. Let t be a(-3). What is the greatest common factor of b and t?
17
Let q be 69233/2 - (-852)/(-568). What is the greatest common factor of 115 and q?
115
Let h = -2137 + 2344. What is the highest common factor of h and 391?
23
Let q(c) = 23*c - 29. Let b(u) = 10*u - 14. Let a(s) = -7*b(s) + 3*q(s). Let p be a(9). Calculate the greatest common divisor of 6 and p.
2
Suppose -246*o + 247*o = 504. Calculate the greatest common factor of o and 273.
21
Let f be (-1160634)/(-627) - 60/55. Calculate the highest common factor of f and 1332.
74
Suppose 5*y = 20 - 5. Let h(l) = 3 + 0*l**3 - l + 3*l - 7*l**y. Let j be h(-2). Calculate the greatest common factor of 11 and j.
11
Let k(f) = -262*f - 1128. Let h be k(-8). Let o be -22*1/((-2)/2). What is the greatest common factor of o and h?
22
Suppose 0 = 2*w - 8, -w = -9*k + 5*k + 48. Calculate the greatest common factor of k and 7787.
13
Let r = 2645 + -1178. Suppose 12*t - r = 297. Suppose 0 = -7*u + 4*u + t. What is the highest common factor of u and 7?
7
Let g = -1997 - -3273. Calculate the highest common divisor of 132 and g.
44
Suppose -28 = -5*v - 588. Let f = 35 + v. Let s = f + 113. What is the highest common factor of s and 18?
18
Suppose 5*l - 353 = -88. Suppose -11*x - 31 = -l. Calculate the highest common factor of x and 23.
1
Let s = 1770 - 855. Calculate the greatest common factor of 122 and s.
61
Suppose 11*f + 282 = u + 8*f, 2*u = -f + 578. Suppose 0 = 20*a - u + 68. Calculate the highest common divisor of a and 143.
11
Suppose g - 17 = -5. Let l(r) = 6*r**3 - 126*r**2 + 8*r - 12. Let i be l(21). Calculate the greatest common divisor of g and i.
12
Let s = 578 - 563. Suppose o + 546 = s*o. What is the greatest common divisor of 24 and o?
3
Suppose -4*t + 15402 = -s, 11483 + 7747 = 5*t - 5*s. Calculate the greatest common factor of t and 535.
107
Let z be (3640/(-312))/((-5)/18). Let p be (2/(-4))/(-1)*12. Calculate the highest common factor of p and z.
6
Let x = 4142 - 3288. Calculate the highest common divisor of 610 and x.
122
Suppose 0 = 599*m - 568*m - 868. What is the highest common divisor of 644 and m?
28
Suppose 13*g - 368 - 360 = 0. Suppose g + 64 = 15*v. What is the highest common divisor of 28 and v?
4
Let x = 59 - 38. Suppose -21*h + 20*h = -3*z + 333, -2*z + 221 = -h. Let y = 217 - z. What is the greatest common factor of x and y?
21
Let c be 153/(-60)*-138 - ((-539)/(-110) - 5). Let h(g) = -g**2 + 7*g - 2. Let a be h(5). Calculate the highest common divisor of a and c.
8
Let f be (-208)/(-12)*((-50)/4 + 14). Calculate the highest common factor of f and 7306.
26
Let w(u) = -2 - 9 - 20 - 4*u. Let g be w(-17). Let v = g + -17. What is the highest common factor of 4 and v?
4
Suppose -51*c = -34*c - 4879. Suppose -4 = x - 5*x. Let o(u) = 42*u**2 - 1. Let v be o(x). Calculate the highest common divisor of c and v.
41
Let z be (-5 - (-9163)/34) + 1/2. Let y = -142 + z. What is the greatest common divisor of y and 287?
41
Let l be 6*((-25)/(-78) + 22/(-143)). Let t be 14 - -19 - 0/(l - -1). What is the highest common divisor of 462 and t?
33
Suppose o - 6*o + z = -149, 2*o - 65 = -5*z. Suppose 4*l + 3 - 11 = 0. Suppose 0 = -l*b + o + 12. What is the greatest common divisor of 14 and b?
7
Let m be (95/76)/(2/8). Suppose -m*t + 6 = -2*c + 21, 2*c - 20 = 4*t. What is the greatest common factor of c and 12?
4
Let n(y) = 2*y + 94. Let i be n(-22). Let f be (-120)/i*75/(-10). Calculate the greatest common factor of f and 315.
9
Let f be (24/4)/(1 - 24/60). Suppose 0 = 4*r - 8. Calculate the highest common divisor of r and f.
2
Let k(v) = 6*v - 51. Let j(q) = -q. Let h(f) = -5*j(f) - k(f). Let l be h(23). What is the highest common factor of 35 and l?
7
Suppose -l = 5*j - 40, 106 = 2*l + 14*j - 17*j. Suppose l + 33 = 3*r - 5*t, -2*r + 72 = 5*t. What is the highest common factor of r and 403?
31
Let h(t) = 8*t - 130. Let m be h(18). Suppose -b - 4*v = -2, -3*v + m = 2*b - 0*v. Calculate the highest common factor of 310 and b.
10
Suppose -1447 = -177*v + 146. Let p(m) = m**3 - 5*m**2 + 8*m - 4. Let i be p(5). Calculate the greatest common factor of v and i.
9
Let x be -6 + 465/90 + (-2950)/(-12). Calculate the greatest common factor of 441 and x.
49
Let m(u) = u**2 - 15*u - 175. Let s be m(-10). Calculate the greatest common factor of s and 3450.
75
Let a(f) = 284*f - 1649. Let j be a(6). Let u(d) = -16*d - 4. Let s be u(-3). What is the highest common factor of j and s?
11
Suppose -127*h = 18*h - 566 - 449. Calculate the highest common divisor of 1799 and h.
7
Let u(d) = -d**2 - 68*d + 121. Suppose h = j + 38, 0 = 6*h - 2*h - 8. Let t be u(j). Calculate the greatest common factor of 67 and t.
67
Let s(j) = -j**2 - 17*j + 12. Let p be s(-17). Suppose -4*n + 538 = 3*o, -o + 3*n + 858 = 4*o. Let m = 306 - o. What is the greatest common factor of p and m?
12
Suppose 6624 = 2*y + 3*z, 9939 = -8*y + 11*y + 4*z. Calculate the greatest common factor of y and 243.
81
Let p = 33044 + -32932. Calculate the highest common factor of 287 and p.
7
Let y = -23 + -117. Let t be 1085/y*(-176)/2. What is the greatest common factor of t and 22?
22
Let o(p) = p + 1. Let z be o(4). Suppose -3 = r, -z*r - 23 = 4*h - 0*r. Let l be h/(((-12)/(-28))/((-3)/2)). Calculate the greatest common divisor of l and 35.
7
Let f be (0 - -9*8/(-12)) + (56 - 2). What is the greatest common divisor of 592 and f?
16
Let b be (-2792)/(-2) - (-6 + 0 + -2). Calculate the greatest common divisor of b and 324.
108
Suppose 14820 = -1472*o + 1484*o. What is the highest common divisor of 380 and o?
95
Let q be (3/(-2))/(9/(-300)). Let x be (15/(-25))/((-2)/270). Let g = 101 - x. Calculate the greatest common factor of q and g.
10
Suppose 0 = 3*s + 4*x - 274, 33*x = -4*s + 36*x + 407. What is the highest common divisor of s and 112?
14
Suppose -s + 554 = 7*l - 3*l, 3*l + 2*s - 413 = 0. Let d = l - 97. What is the highest common factor of d and 18?
6
Let p be 38*18/(-468)*-39. Calculate the highest common divisor of 147 and p.
3
Let k be (39/2 + 0)*2. Let m(h) = h**3 - 25*h**2 + 141*h - 72. Let d be m(17). Calculate the highest common divisor of d and k.
13
Suppose 0 = f - 3*i + 6, 6 = -12*f + 13*f + i. Suppose 137 = f*x + x - 5*c, 3*x + 2*c = 74. What is the highest common factor of 7 and x?
7
Let r = -716 + 768. Let s = 32 - 28. Calculate the greatest common divisor of s and r.
4
Let c(k) = 9*k**3 - 270*k**2 + 11*k - 176. Let u be c(30). What is the highest common factor of u and 330?
22
Suppose -186*c + 188*c = 14. Let x = -4 + c. Suppose -4*r = 4*b - 140, 4*b - 97 = -x*r + 7. Calculate the greatest common divisor of r and 54.
18
Suppose q + 0*q = 4. Let k(o) = 2*o**2 - 2*o + 6. Let g be k(q). Let w = -589 + 664. What is the highest common divisor of w and g?
15
Let p = -5015 + 5045. Calculate the greatest common divisor of p and 288.
6
Let f = 265 + -413. Let a = -143 - f. Calculate the highest common divisor of 5 and a.
5
Let i(z) = -20*z + 8. Let k(o) = 41*o - 17. Let b(r) = 13*i(r) + 6*k(r). Let f be b(-12). Let n = 292 - 275. Calculate the highest common divisor of f and n.
17
Let j(z) = z**3 + 3*z**2 - 35*z + 6. Let f be j(-7). Let m be 56882/323 - (-6)/(-57). What is the greatest common divisor of m and f?
11
Let p be 30*(-6)/(((-169)/(-78))/(-13)). What is the highest common factor of 702 and p?
54
Suppose 10*y - 60 - 1970 = 0. Let u = 215 - y. What is the greatest common divisor of 5 and u?
1
Suppose 0 = t - 3*d + 4*d + 1, -3*t - d = -5. Let u(j) = 6*j + 15. Let n be u(t). Suppose -n = -10*w + 347. Calculate the greatest common factor of 38 and w.
38
Suppose f - 4*k + 7 = 0, 4*f + 3*k = 3*f + 21. Let c(a) = 33*a + 174. Let u be c(-5). Suppose -o = -u*o + 288. Calculate the greatest common factor of o and f.
9
Let y = 6501 + 3659. Calculate the highest common divisor of 160 and y.
80
Let u = 8750 - 8704. Calculate the greatest common factor of 20378 and u.
46
Let t be 7470/249*(-9)/(-5). What is the greatest common divisor of t and 4374?
54
Suppose -2*c + 9 = -3. Suppose -q - 120 = -c*q. Let t be ((-54)/q)/((-9)/12). Calculate the highest common divisor of 12 and t.
3
Suppos